{"id":34813,"date":"2025-10-29T05:49:06","date_gmt":"2025-10-29T05:49:06","guid":{"rendered":"https:\/\/www.medienlb.com\/?post_type=product&#038;p=34813"},"modified":"2026-02-04T11:59:16","modified_gmt":"2026-02-04T11:59:16","slug":"55507252-die-fugger","status":"publish","type":"product","link":"https:\/\/www.medienlb.com\/en\/produkt\/55507252-die-fugger\/","title":{"rendered":"Die Fugger"},"content":{"rendered":"<p>Der Film erz\u00e4hlt die Geschichte der Augsburger Familie Fugger, die vom Weberhandwerk zum ersten multinationalen Konzern der Welt aufstieg. Er zeigt, wie Jakob Fugger durch Handel, Bergbau und Bankgesch\u00e4fte zum m\u00e4chtigsten Unternehmer seiner Zeit wurde. Dabei beleuchtet der Film den Wandel vom Mittelalter zur Neuzeit, soziale Spannungen und das Erbe der Fuggerei.<\/p>\n","protected":false},"excerpt":{"rendered":"<p>Der Film erz\u00e4hlt die Geschichte der Augsburger Familie Fugger, die vom Weberhandwerk zum ersten multinationalen Konzern der Welt aufstieg.<\/p>\n","protected":false},"featured_media":34818,"template":"","meta":{"_acf_changed":false},"product_brand":[],"product_cat":[70],"product_tag":[109,125],"class_list":{"0":"post-34813","1":"product","2":"type-product","3":"status-publish","4":"has-post-thumbnail","6":"product_cat-film","7":"product_tag-subject-geschichte","8":"product_tag-target-sek-i","10":"first","11":"instock","12":"taxable","13":"shipping-taxable","14":"purchasable","15":"product-type-variable"},"acf":{"subtitle":"Reichtum im Fr\u00fchkapitalismus","article_id":"46505580 \/ 55507252","languages":"DE","thumb_up":true,"cover_image":34826,"linked_product":14283,"linked_products":null,"banner":{"show":true,"text":"","color":""},"length":"15:08 min","content_movie":"Der Film erz\u00e4hlt die Geschichte der Augsburger Familie Fugger, die vom Weberhandwerk zum ersten multinationalen Konzern der Welt aufstieg. Er zeigt, wie Jakob Fugger durch Handel, Bergbau und Bankgesch\u00e4fte zum m\u00e4chtigsten Unternehmer seiner Zeit wurde. Dabei beleuchtet der Film den Wandel vom Mittelalter zur Neuzeit, soziale Spannungen und das Erbe der Fuggerei.","learning_goals":"Lernziele\r\n\r\nDie Sch\u00fclerinnen und Sch\u00fcler\r\n<ol>\r\n \t<li>charakterisieren den Epochenwechsel vom Mittelalter zur Neuzeit und erl\u00e4utern seine Erscheinungsformen im Alltag der Menschen.<\/li>\r\n \t<li>charakterisieren die Reformation als Umbruch und erkl\u00e4ren ihre politischen Folgen.<\/li>\r\n<\/ol>\r\n&nbsp;\r\n\r\nKompetenzen:\r\n\r\nDie Sch\u00fclerinnen und Sch\u00fcler k\u00f6nnen\r\n<ol>\r\n \t<li>Auswirkungen von politischen, wirtschaftlichen und gesellschaftlichen Strukturen und Prozessen auf die Lebens- und Erfahrungswelt der Menschen erl\u00e4utern.<\/li>\r\n<\/ol>\r\n<ol start=\"2\">\r\n \t<li>historische Sachverhalte in Raum und Zeit einordnen.<\/li>\r\n<\/ol>","preview_gif":34815,"trailer":{"file":34817,"url":"","image":34824},"mediathek_id":908,"amount":"","demo_url":"","h5p_demo_id":"","content_interactive":"","hide_numbers":false,"flyer":"","info_columns":null},"_links":{"self":[{"href":"https:\/\/www.medienlb.com\/en\/wp-json\/wp\/v2\/product\/34813","targetHints":{"allow":["GET"]}}],"collection":[{"href":"https:\/\/www.medienlb.com\/en\/wp-json\/wp\/v2\/product"}],"about":[{"href":"https:\/\/www.medienlb.com\/en\/wp-json\/wp\/v2\/types\/product"}],"acf:post":[{"embeddable":true,"href":"https:\/\/www.medienlb.com\/en\/wp-json\/wp\/v2\/product\/14283"}],"wp:featuredmedia":[{"embeddable":true,"href":"https:\/\/www.medienlb.com\/en\/wp-json\/wp\/v2\/media\/34818"}],"wp:attachment":[{"href":"https:\/\/www.medienlb.com\/en\/wp-json\/wp\/v2\/media?parent=34813"}],"wp:term":[{"taxonomy":"product_brand","embeddable":true,"href":"https:\/\/www.medienlb.com\/en\/wp-json\/wp\/v2\/product_brand?post=34813"},{"taxonomy":"product_cat","embeddable":true,"href":"https:\/\/www.medienlb.com\/en\/wp-json\/wp\/v2\/product_cat?post=34813"},{"taxonomy":"product_tag","embeddable":true,"href":"https:\/\/www.medienlb.com\/en\/wp-json\/wp\/v2\/product_tag?post=34813"}],"curies":[{"name":"wp","href":"https:\/\/api.w.org\/{rel}","templated":true}]}}

<p>Der Film erzählt die Geschichte der Augsburger Familie Fugger, die vom Weberhandwerk zum ersten multinationalen Konzern der Welt aufstieg. Er zeigt, wie Jakob Fugger durch Handel, Bergbau und Bankgeschäfte zum mächtigsten Unternehmer seiner Zeit wurde. Dabei beleuchtet der Film den Wandel vom Mittelalter zur Neuzeit, soziale Spannungen und das Erbe der Fuggerei.</p>

<p>Der Film erzählt die Geschichte der Augsburger Familie Fugger, die vom Weberhandwerk zum ersten multinationalen Konzern der Welt aufstieg.</p>

Reichtum im Frühkapitalismus

Der Film erzählt die Geschichte der Augsburger Familie Fugger, die vom Weberhandwerk zum ersten multinationalen Konzern der Welt aufstieg. Er zeigt, wie Jakob Fugger durch Handel, Bergbau und Bankgeschäfte zum mächtigsten Unternehmer seiner Zeit wurde. Dabei beleuchtet der Film den Wandel vom Mittelalter zur Neuzeit, soziale Spannungen und das Erbe der Fuggerei.

Lernziele

Die Schülerinnen und Schüler
<ol>
 	<li>charakterisieren den Epochenwechsel vom Mittelalter zur Neuzeit und erläutern seine Erscheinungsformen im Alltag der Menschen.</li>
 	<li>charakterisieren die Reformation als Umbruch und erklären ihre politischen Folgen.</li>
</ol>
&nbsp;

Kompetenzen:

Die Schülerinnen und Schüler können
<ol>
 	<li>Auswirkungen von politischen, wirtschaftlichen und gesellschaftlichen Strukturen und Prozessen auf die Lebens- und Erfahrungswelt der Menschen erläutern.</li>
</ol>
<ol start="2">
 	<li>historische Sachverhalte in Raum und Zeit einordnen.</li>
</ol>
